- 2 - -9). Let f(z) = -z**2 - 17*z - 10. Calculate f(y).
20
Suppose 172 = 2*f - 3*w, 168 = 7*f - 5*f - 5*w. Suppose 11*y + f = 12. Let x(q) = -q**3 - 8*q**2 - q - 1. Determine x(y).
-43
Let v(l) = 20*l**2 + 49*l + 1. Let o(c) = -17*c**2 - 42*c - 1. Let a(x) = 7*o(x) + 6*v(x). Suppose 4*n = -u + 2*u + 23, -4*u - 4*n + 8 = 0. Give a(u).
8
Let x(t) = t - 15. Suppose -2*s = -5*d - 110, -5*s + 81 = d - 140. Let r = -33 + s. Determine x(r).
-3
Let m(z) = -z + 2. Suppose -3*o - 3*d = -d - 10, 0 = 3*o - 5*d + 4. Suppose 2*r = 2*x - 22, -3*r - 29 = -3*x + o*r. Suppose -18 + x = w. Determine m(w).
7
Let v(z) be the second derivative of -37*z**3/6 - z**2/2 - z. Suppose 349*m = -527*m - 876. Give v(m).
36
Suppose -389*y + 388*y = 4*x + 29, 0 = 5*y + 2*x + 37. Let v be 18/((-5 - 1)/(-3)). Let h(n) = 2 - v + n + 1. Calculate h(y).
-11
Let b(p) = -13*p**3 - 8*p**2 - 6*p - 35. Let x(d) = -28*d**3 - 14*d**2 - 13*d - 77. Let j(k) = 13*b(k) - 6*x(k). Calculate j(-20).
7
Suppose 24*w - 49 = 2 - 3. Let q(v) = 3*v**3 - 3*v**2 + 8*v. Determine q(w).
28
Let x = -495 + 499. Let s(y) = -y - x + 24 - 23 + 3*y. Give s(-7).
-17
Let l(u) = -u**2 - 23*u + 62. Let d be l(-25). Let m(v) = -5*v + 5*v + 3*v + 0*v + d - 2*v. Give m(-6).
6
Let p be ((-10)/(-6))/((-4)/(-6))*2. Suppose 3*c + 16 = p*c. Let i(u) = -2 - 7*u + c + u**3 - 4 + 4*u**2. What is i(-5)?
12
Let n(k) = k**2 - 4*k - 6. Let j = -30 + 36. Suppose j = -4*p + 2. Let a(g) = -6*g**3 - g**2. Let f be a(p). Determine n(f).
-1
Let g(n) = -13*n**3 - 9*n**2 + 17*n + 167. Let a(f) = -f**3 - f**2 + 2*f + 24. Let j(i) = -14*a(i) + 2*g(i). Give j(1).
-12
Let x = -10945 + 10944. Let p(y) = -7*y**3 - 4*y**2 - 3*y + 1. Give p(x).
7
Let i be (-6)/((-12)/1560*-5*-4). Let k(m) = -m + 37. Determine k(i).
-2
Let b(s) = 59*s + 232. Suppose 29 = -52*h - 179. Determine b(h).
-4
Let n(v) = -3*v + 8. Let w(p) be the second derivative of -p**4/6 + 10*p**3/3 - 10*p**2 - 12*p. Let m be w(8). Suppose -m*l + 19 + 53 = 0. Give n(l).
-10
Let k = -769 + 842. Let j = k + -68. Let z(u) be the third derivative of -u**4/24 + u**3/6 + u**2. Calculate z(j).
-4
Let z(x) = 17*x + 32. Let w be (-4)/(-7) + 6/(588/(-154)). What is z(w)?
15
Suppose 2*q - 342 = -338. Suppose q*s - 33 + 25 = 0. Let v(m) = -m - 1. Determine v(s).
-5
Let x(t) = -4*t + 16. Suppose 12*b - 37 + 1 = 0. Let i be x(b). Let d(r) = -r**2 + 9*r - 6. Determine d(i).
14
Let j be 0 - 4 - -32 - (2 + -6). Let s(b) = -41 + 78 - 5*b - j. Calculate s(4).
-15
Let d(i) = -2*i. Suppose 0 = 31*f - 32*f + 5. Suppose 4*g = 2*g + 4*s - 120, f*s - 225 = 4*g. Let z = 51 + g. Determine d(z).
-2
Let w(k) = 5*k - 4. Let u(j) = 16*j - 428. Let v be u(26). Let p = v - -15. Give w(p).
11
Let g be ((-30)/(-25))/((-12)/40). Let i(n) = -3*n - 6. Let f be i(g). Let v be ((-3)/6)/(1/f) + 0. Let u(l) = -7*l - 3. Determine u(v).
18
Let i(z) = 2*z**2 - 7*z - 4. Let d(j) be the first derivative of j**2/2 + 9*j + 51. Let w be d(-5). Give i(w).
0
Let t(s) = s**3 - 7*s**2 - 2. Let g be 6*-1*805/(-690). Give t(g).
-2
Let j(a) be the third derivative of 4*a**5/15 - a**4/4 + 7*a**3/3 - 297*a**2 - 12*a - 2. Give j(2).
66
Let b(k) = -k**2 + 3*k + 9. Let f(x) = x. Let p(t) = b(t) + 4*f(t). Suppose 28*o - 163 - 33 = 0. Give p(o).
9
Let w be 111/3 - (5 - 7). Suppose -22*z + 9*z = -w. Let k(l) be the third derivative of -l**6/120 + l**5/20 - l**4/24 + l**3/3 - 5*l**2. Determine k(z).
-1
Let u(h) = 3*h + 6 + 4 - 2. Let i be u(-6). Let d(o) = -2*o - 67. Let s(b) = 2*b + 58. Let p(c) = 5*d(c) + 6*s(c). Determine p(i).
-7
Let w(y) be the second derivative of y**3/6 + 3*y**2/2 - 7*y. Suppose 0 = 531*i - 509*i + 176. Determine w(i).
-5
Let o(l) = -6*l + 5. Let t(p) = 28*p - 33. Let b(j) = 4*o(j) + t(j). Give b(-9).
-49
Let w(u) be the third derivative of -u**5/60 - 7*u**4/12 - 6*u**3 - 1005*u**2. Give w(-8).
12
Suppose -197 + 218 = 7*l. Let y(i) = -2*i + l*i**3 - i**2 - 5*i**3 + 4*i**3 + 1 + 2*i**3 - 3*i**3. Give y(-3).
-29
Let a(x) = -x**2 + 111 + 0*x - 2*x - 104. Suppose -11*h - 3*h - 1148 = 0. Let k = 77 + h. Determine a(k).
-8
Let t(w) = -w**3 - 5*w**2 + 7*w. Let q(k) be the first derivative of 7*k**2 + 92*k + 1. Let s be q(-7). Give t(s).
-6
Let g(u) = 17*u + 63. Let x = -3511 + 3507. Calculate g(x).
-5
Suppose 0 = -5*s + 2*s + 15. Suppose -10 = -s*x, -5*y + 20 = -0*y + 5*x. Let i(a) = a - 10*a**2 - 3*a**2 + 5*a**y + 7*a**2. Give i(4).
-12
Let i(q) = -3*q**2 + 3*q - 2. Let u be i(1). Let h(r) be the third derivative of r**6/120 + r**5/20 + r**4/8 + r**3/3 + 281*r**2. Give h(u).
0
Let h(r) = 59 + 74 + 12*r + 4*r - 146 - 2*r**2. Determine h(6).
11
Suppose 11*f = 4*f + 14. Let q(o) = 176*o**2 - 529*o**2 - f + 4*o + 178*o**2 + 176*o**2. What is q(-4)?
-2
Let g(y) be the second derivative of y**4/4 - y**3/3 - y**2 - 2*y + 22. What is g(2)?
6
Let f(b) = 9*b**2 + 3*b + 4. Let d(t) = 11*t**2 + t + 6. Let z(a) = 4*d(a) - 5*f(a). Give z(-8).
28
Let r(d) = 20*d - 74. Let n be r(10). Let t = 121 - n. Let k(o) = o**2 + 8*o + 6. What is k(t)?
-9
Let w(n) = 2*n**2 + 35*n - 69*n + 0*n**2 + 3*n**2 + 37*n - 5. Calculate w(2).
21
Let n(j) = j**3 - 22*j**2 - j + 27. Let z be n(22). Suppose z*u + 2*p = -40, -4*u - 5 - 44 = 5*p. Let s(i) = i**2 + 8*i - 3. Give s(u).
-15
Let p(m) = -12*m. Let w be 21*(-2 + 72/42). Let a be 6/12 + 15/w. What is p(a)?
24
Let w(o) = o**2 - 6*o + 8. Let d be w(2). Suppose -4*f + b - 5*b + 36 = d, 2*f - 2 = 2*b. Let y(z) = z**3 - 4*z**2 - 6*z - 7. Calculate y(f).
-12
Let o(x) = 2*x - 5*x - 6*x - 1 + 2*x + 4*x. What is o(-6)?
17
Let l = 12817 + -12814. Let n(j) = -j + 1. Let k(w) = 13*w - 8. Let v(b) = k(b) + 5*n(b). Give v(l).
21
Let i(u) = u**3 + u**2 - 1. Let h be 3/((-2)/(-4) + 1). Let t(a) = 3*a**3 + 3*a**2 - a - 1. Let d(f) = h*i(f) - t(f). Let s = 16 + -16. Calculate d(s).
-1
Let p(a) = 96*a**3 - 5*a**2 - 17*a - 21. Let s(n) = 35*n**3 - 2*n**2 - 6*n - 8. Let g(y) = 4*p(y) - 11*s(y). Determine g(4).
-36
Let l(k) = k**2 - 11*k - 7. Let p(x) = 4*x + 193. Let w be p(-40). Suppose -a - 43 = -w*q + 29*q, 2*a + 20 = 2*q. Give l(q).
-7
Let i(h) = h**2 - 8*h + 6. Let r(f) = f**3 + 7*f**2 + 6*f + 4. Suppose 0 = -2*q - 3*j + 26, q - 4*j + 3*j = 18. Suppose 3*d + 2 = -q. Let z be r(d). Give i(z).
-10
Let u(l) = l**3 - 20*l**2 + 20*l - 21. Suppose 168*m = 240*m - 1368. Determine u(m).
-2
Suppose 0 = -3*n + k + 21, 6*n - 2*n - 4*k = 28. Suppose -73 + 97 = -2*u. Let y = n + u. Let f(s) = -s**2 - 3*s - 5. Give f(y).
-15
Let w(x) = -2*x**2 - 52*x - 99. Suppose -8191 = -600*c - 22591. Determine w(c).
-3
Let l(k) = -k**3 - 3*k**2 + 5*k - 6. Let h(f) = -25*f + 17. Suppose 6*t = -5 - 13. Let c be h(t). Let r = -97 + c. Give l(r).
19
Let d = -22 - -62. Let j(g) = 2*g**3 - d*g - g**3 + 5*g**2 + 43*g - 4. Suppose -2*y - 15 = 3*y. Give j(y).
5
Let l(t) = t**2 - 9*t - 2. Suppose 9*o + 60 = 3*o. Let a be (6/10)/(-1 - 11/o). Calculate l(a).
-20
Let m(h) be the second derivative of h**5/20 - 5*h**4/12 - h**3/6 + h**2 + 2*h. Suppose -10*n - 186 = -11*n. Let k = n + -181. What is m(k)?
-3
Let v be (304/(-64))/(-1 + 21/20). Let n = 89 + v. Let a(m) = m**3 + 7*m**2 + 9*m + 6. What is a(n)?
-12
Let v(y) = y**3 - 5*y**2 + 18. Let a(w) = 63*w + 2333. Let u be a(-37). Determine v(u).
6
Let f(v) = -v**3 - 7*v**2 + 24*v + 1. Let x be -7 + (-93)/(-12) + ((-135)/36 - 7). What is f(x)?
61
Let r(t) = 16*t. Let o = 169 + -176. Let z be (-1)/o - 544/476. What is r(z)?
-16
Let y(t) = -t**3 - 10*t**2 - 3*t + 5. Let d be (4 - 1)/(1/6) + 0. Let b be (11/(-11) - 1)/(4/d). Determine y(b).
-49
Let y(p) = 14*p**3 + 4*p**2 + 2*p + 5. Let t(l) = 61*l - 35*l - 1 - l**3 - 27*l - l**2. Let i(h) = 4*t(h) + y(h). Let u be 3/2*8/12. What is i(u)?
9
Let n(f) = -23*f - 1. Suppose -10*l + 11 - 11 = 0. Suppose -1 = 4*r - 9*r - 3*z, -r - z + 1 = l. Calculate n(r).
22
Suppose -12 = 2*h - 5*h. Let s(i) be the third derivative of -i**4/6 + 8*i**3/3 + i**2 - 3*i - 1218. Determine s(h).
0
Let j(p) = 2*p + 0*p + 9269*p**2 + p + 0*p - 9267*p**2 - 15. Calculate j(-4).
5
Let l(x) be the first derivative of x**5/120 - x**4/8 + 25*x**3/3 - 3*x**2/2 - 1. Let v(r) be the third derivative of l(r). Let q = -1 + 1. What is v(q)?
-3
Let l = -82 + 104. Let w = 17 - l. Let v(o) = o + 5. What is v(w)?
0
Let d(v) = -9*v**3 + 2*v**2 - 1. Let c(h) = h**3 + 5*h**2 - 3*h + 8. Let p be c(-7). Let f = -386